{"id":584,"date":"2016-04-04T13:07:32","date_gmt":"2016-04-04T13:07:32","guid":{"rendered":"https:\/\/lucideattitude.be\/?page_id=584"},"modified":"2022-10-27T08:37:45","modified_gmt":"2022-10-27T06:37:45","slug":"a-propos","status":"publish","type":"page","link":"https:\/\/lucideattitude.be\/index.php\/a-propos\/","title":{"rendered":"A propos"},"content":{"rendered":"<p>[vc_row css=&#8221;.vc_custom_1609423244415{margin-top: 15px !important;}&#8221;][vc_column]<div class=\"columns_wrap sc_columns columns_nofluid sc_columns_count_2\"><div class=\"column-1_2 sc_column_item sc_column_item_1 odd first\"><div id=\"sc_team_134158893_wrap\" class=\"sc_team_wrap\"><div id=\"sc_team_134158893\" class=\"sc_team sc_team_style_team-3  aligncenter\" style=\"width:360px;\">\t\t\t<div id=\"sc_team_134158893_1\"\t\t\t\tclass=\"sc_team_item sc_team_item_1 odd first\"\n\t\t\t\t>\n\t\t\t\t<div class=\"sc_team_item_avatar\"><img class=\"wp-post-image\" width=\"370\" height=\"370\" alt=\"\" src=\"https:\/\/i0.wp.com\/lucideattitude.be\/wp-content\/uploads\/2016\/03\/IMG_20190713_152507_resized_20210220_025225737-e1613937736917.jpg?fit=1560%2C2080&#038;ssl=1\">\t\t\t\t\t<div class=\"sc_team_item_hover\">\n\t\t\t\t\t\t<a href=\"https:\/\/lucideattitude.be\/index.php\/team\/lucie\/\" class=\"sc_team_item_icon icon-email19\"><\/a>\n\t\t\t\t\t<\/div>\n\t\t\t\t<\/div>\n\t\t\t\t<div class=\"sc_team_item_info\">\n\t\t\t\t\t<h5 class=\"sc_team_item_title\"><a href=\"https:\/\/lucideattitude.be\/index.php\/team\/lucie\/\">Lucie<\/a><\/h5>\n\t\t\t\t\t<div class=\"sc_team_item_position\"><\/div>\n\t\t\t\t<\/div>\n\t\t\t<\/div>\n\t\t<\/div><!-- \/.sc_team --><\/div><!-- \/.sc_team_wrap --><\/div><div class=\"column-1_2 sc_column_item sc_column_item_2 even\"><h4 class=\"sc_title sc_title_regular\"><\/p>\n<h1>A propos<\/h1>\n<p><\/h4>[vc_column_text]Apr\u00e8s avoir v\u00e9cu une belle exp\u00e9rience de 14 ann\u00e9es en tant qu&#8217;infirmi\u00e8re, j&#8217;ai pu apprendre \u00e0 comprendre et percevoir au mieux les besoins, les maux et les attentes de nombreux patients.<\/p>\n<p>Au cours de ces ann\u00e9es, je me suis rendue compte que j&#8217;aimais particuli\u00e8rement \u00eatre \u00e0 l&#8217;\u00e9coute de mes patients pour leur apporter confort, r\u00e9confort et bien\u00eatre.<\/p>\n<p>Aujourd&#8217;hui, c&#8217;est donc en toute lucidit\u00e9 que je me suis d\u00e9cid\u00e9e \u00e0 soigner autrement et en prenant le temps n\u00e9cessaire.<\/p>\n<p>R\u00e9flexologie plantaire, r\u00e9flexologie palmaire, massage bulle de douceur, massage palliatif, massage pr\u00e9natal, massage aux huiles essentielles, massage aux pierres chaudes, massage aux huiles, massage fibromyalgie, drainage lymphatique m\u00e9thode Renata Franca, gestion des \u00e9motions, soins pour centres et homes, sont autant de soins que propose LuciDe Attitude.<\/p>\n<p>Ces soins peuvent se faire \u00e0 mon domicile mais \u00e9galement chez vous (r\u00e9flexologie plantaire, r\u00e9flexologie palmaire, massage palliatifs), en entreprise, en maison de repos, en centre d&#8217;accueil (except\u00e9 le massage aux pierres chaudes et aux huiles).<\/p>\n<p>La flexibilit\u00e9 et l adaptation sont des comp\u00e9tences bien pr\u00e9cises que j&#8217;ai pu acqu\u00e9rir en tant qu&#8217;infirmi\u00e8re et qui me permettront d&#8217;\u00eatre l\u00e0 pour vous et \u00e0 votre meilleure convenance.[\/vc_column_text]<\/div><\/div>[vc_empty_space height=&#8221;4.6em&#8221;][\/vc_column][vc_column][\/vc_column][\/vc_row]<\/p>\n","protected":false},"excerpt":{"rendered":"<p>[vc_row css=&#8221;.vc_custom_1609423244415{margin-top: 15px !important;}&#8221;][vc_column][vc_empty_space height=&#8221;4.6em&#8221;][\/vc_column][vc_column][\/vc_column][\/vc_row]<\/p>\n","protected":false},"author":1,"featured_media":0,"parent":0,"menu_order":0,"comment_status":"closed","ping_status":"closed","template":"","meta":[],"yoast_head":"<!-- This site is optimized with the Yoast SEO Premium plugin v20.4 (Yoast SEO v20.4) - https:\/\/yoast.com\/wordpress\/plugins\/seo\/ -->\n<title>A propos - LuciDe Attitude<\/title>\n<meta name=\"description\" content=\"Massage aux huiles essentielles, v\u00e9g\u00e9tales, r\u00e9flexologies, drainage lymphatique, gestion de la douleur, aromath\u00e9rapie doTERRA\" \/>\n<meta name=\"robots\" content=\"index, follow, max-snippet:-1, max-image-preview:large, max-video-preview:-1\" \/>\n<link rel=\"canonical\" href=\"https:\/\/lucideattitude.be\/index.php\/a-propos\/\" \/>\n<meta property=\"og:locale\" content=\"fr_FR\" \/>\n<meta property=\"og:type\" content=\"article\" \/>\n<meta property=\"og:title\" content=\"A propos\" \/>\n<meta property=\"og:description\" content=\"Massage aux huiles essentielles, v\u00e9g\u00e9tales, r\u00e9flexologies, drainage lymphatique, gestion de la douleur, aromath\u00e9rapie doTERRA\" \/>\n<meta property=\"og:url\" content=\"https:\/\/lucideattitude.be\/index.php\/a-propos\/\" \/>\n<meta property=\"og:site_name\" content=\"LuciDe Attitude\" \/>\n<meta property=\"article:publisher\" content=\"https:\/\/m.facebook.com\/LuciDe-Attitude-103734124829917\/\" \/>\n<meta property=\"article:modified_time\" content=\"2022-10-27T06:37:45+00:00\" \/>\n<meta property=\"og:image\" content=\"https:\/\/i0.wp.com\/lucideattitude.be\/wp-content\/uploads\/2021\/02\/Logo.png?fit=238%2C56&ssl=1\" \/>\n\t<meta property=\"og:image:width\" content=\"238\" \/>\n\t<meta property=\"og:image:height\" content=\"56\" \/>\n\t<meta property=\"og:image:type\" content=\"image\/png\" \/>\n<meta name=\"twitter:card\" content=\"summary_large_image\" \/>\n<meta name=\"twitter:label1\" content=\"Dur\u00e9e de lecture est.\" \/>\n\t<meta name=\"twitter:data1\" content=\"1 minute\" \/>\n<script type=\"application\/ld+json\" class=\"yoast-schema-graph\">{\"@context\":\"https:\/\/schema.org\",\"@graph\":[{\"@type\":\"WebPage\",\"@id\":\"https:\/\/lucideattitude.be\/index.php\/a-propos\/\",\"url\":\"https:\/\/lucideattitude.be\/index.php\/a-propos\/\",\"name\":\"A propos - LuciDe Attitude\",\"isPartOf\":{\"@id\":\"https:\/\/lucideattitude.be\/#website\"},\"datePublished\":\"2016-04-04T13:07:32+00:00\",\"dateModified\":\"2022-10-27T06:37:45+00:00\",\"description\":\"Massage aux huiles essentielles, v\u00e9g\u00e9tales, r\u00e9flexologies, drainage lymphatique, gestion de la douleur, aromath\u00e9rapie doTERRA\",\"breadcrumb\":{\"@id\":\"https:\/\/lucideattitude.be\/index.php\/a-propos\/#breadcrumb\"},\"inLanguage\":\"fr-BE\",\"potentialAction\":[{\"@type\":\"ReadAction\",\"target\":[\"https:\/\/lucideattitude.be\/index.php\/a-propos\/\"]}]},{\"@type\":\"BreadcrumbList\",\"@id\":\"https:\/\/lucideattitude.be\/index.php\/a-propos\/#breadcrumb\",\"itemListElement\":[{\"@type\":\"ListItem\",\"position\":1,\"name\":\"Accueil\",\"item\":\"https:\/\/lucideattitude.be\/\"},{\"@type\":\"ListItem\",\"position\":2,\"name\":\"A propos\"}]},{\"@type\":\"WebSite\",\"@id\":\"https:\/\/lucideattitude.be\/#website\",\"url\":\"https:\/\/lucideattitude.be\/\",\"name\":\"LuciDe Attitude\",\"description\":\"\",\"publisher\":{\"@id\":\"https:\/\/lucideattitude.be\/#organization\"},\"potentialAction\":[{\"@type\":\"SearchAction\",\"target\":{\"@type\":\"EntryPoint\",\"urlTemplate\":\"https:\/\/lucideattitude.be\/?s={search_term_string}\"},\"query-input\":\"required name=search_term_string\"}],\"inLanguage\":\"fr-BE\"},{\"@type\":\"Organization\",\"@id\":\"https:\/\/lucideattitude.be\/#organization\",\"name\":\"LucideAttitude\",\"url\":\"https:\/\/lucideattitude.be\/\",\"logo\":{\"@type\":\"ImageObject\",\"inLanguage\":\"fr-BE\",\"@id\":\"https:\/\/lucideattitude.be\/#\/schema\/logo\/image\/\",\"url\":\"https:\/\/lucideattitude.be\/wp-content\/uploads\/2021\/02\/Logo.png\",\"contentUrl\":\"https:\/\/lucideattitude.be\/wp-content\/uploads\/2021\/02\/Logo.png\",\"width\":238,\"height\":56,\"caption\":\"LucideAttitude\"},\"image\":{\"@id\":\"https:\/\/lucideattitude.be\/#\/schema\/logo\/image\/\"},\"sameAs\":[\"https:\/\/m.facebook.com\/LuciDe-Attitude-103734124829917\/\"]}]}<\/script>\n<!-- \/ Yoast SEO Premium plugin. -->","yoast_head_json":{"title":"A propos - LuciDe Attitude","description":"Massage aux huiles essentielles, v\u00e9g\u00e9tales, r\u00e9flexologies, drainage lymphatique, gestion de la douleur, aromath\u00e9rapie doTERRA","robots":{"index":"index","follow":"follow","max-snippet":"max-snippet:-1","max-image-preview":"max-image-preview:large","max-video-preview":"max-video-preview:-1"},"canonical":"https:\/\/lucideattitude.be\/index.php\/a-propos\/","og_locale":"fr_FR","og_type":"article","og_title":"A propos","og_description":"Massage aux huiles essentielles, v\u00e9g\u00e9tales, r\u00e9flexologies, drainage lymphatique, gestion de la douleur, aromath\u00e9rapie doTERRA","og_url":"https:\/\/lucideattitude.be\/index.php\/a-propos\/","og_site_name":"LuciDe Attitude","article_publisher":"https:\/\/m.facebook.com\/LuciDe-Attitude-103734124829917\/","article_modified_time":"2022-10-27T06:37:45+00:00","og_image":[{"width":238,"height":56,"url":"https:\/\/i0.wp.com\/lucideattitude.be\/wp-content\/uploads\/2021\/02\/Logo.png?fit=238%2C56&ssl=1","type":"image\/png"}],"twitter_card":"summary_large_image","twitter_misc":{"Dur\u00e9e de lecture est.":"1 minute"},"schema":{"@context":"https:\/\/schema.org","@graph":[{"@type":"WebPage","@id":"https:\/\/lucideattitude.be\/index.php\/a-propos\/","url":"https:\/\/lucideattitude.be\/index.php\/a-propos\/","name":"A propos - LuciDe Attitude","isPartOf":{"@id":"https:\/\/lucideattitude.be\/#website"},"datePublished":"2016-04-04T13:07:32+00:00","dateModified":"2022-10-27T06:37:45+00:00","description":"Massage aux huiles essentielles, v\u00e9g\u00e9tales, r\u00e9flexologies, drainage lymphatique, gestion de la douleur, aromath\u00e9rapie doTERRA","breadcrumb":{"@id":"https:\/\/lucideattitude.be\/index.php\/a-propos\/#breadcrumb"},"inLanguage":"fr-BE","potentialAction":[{"@type":"ReadAction","target":["https:\/\/lucideattitude.be\/index.php\/a-propos\/"]}]},{"@type":"BreadcrumbList","@id":"https:\/\/lucideattitude.be\/index.php\/a-propos\/#breadcrumb","itemListElement":[{"@type":"ListItem","position":1,"name":"Accueil","item":"https:\/\/lucideattitude.be\/"},{"@type":"ListItem","position":2,"name":"A propos"}]},{"@type":"WebSite","@id":"https:\/\/lucideattitude.be\/#website","url":"https:\/\/lucideattitude.be\/","name":"LuciDe Attitude","description":"","publisher":{"@id":"https:\/\/lucideattitude.be\/#organization"},"potentialAction":[{"@type":"SearchAction","target":{"@type":"EntryPoint","urlTemplate":"https:\/\/lucideattitude.be\/?s={search_term_string}"},"query-input":"required name=search_term_string"}],"inLanguage":"fr-BE"},{"@type":"Organization","@id":"https:\/\/lucideattitude.be\/#organization","name":"LucideAttitude","url":"https:\/\/lucideattitude.be\/","logo":{"@type":"ImageObject","inLanguage":"fr-BE","@id":"https:\/\/lucideattitude.be\/#\/schema\/logo\/image\/","url":"https:\/\/lucideattitude.be\/wp-content\/uploads\/2021\/02\/Logo.png","contentUrl":"https:\/\/lucideattitude.be\/wp-content\/uploads\/2021\/02\/Logo.png","width":238,"height":56,"caption":"LucideAttitude"},"image":{"@id":"https:\/\/lucideattitude.be\/#\/schema\/logo\/image\/"},"sameAs":["https:\/\/m.facebook.com\/LuciDe-Attitude-103734124829917\/"]}]}},"_links":{"self":[{"href":"https:\/\/lucideattitude.be\/index.php\/wp-json\/wp\/v2\/pages\/584"}],"collection":[{"href":"https:\/\/lucideattitude.be\/index.php\/wp-json\/wp\/v2\/pages"}],"about":[{"href":"https:\/\/lucideattitude.be\/index.php\/wp-json\/wp\/v2\/types\/page"}],"author":[{"embeddable":true,"href":"https:\/\/lucideattitude.be\/index.php\/wp-json\/wp\/v2\/users\/1"}],"replies":[{"embeddable":true,"href":"https:\/\/lucideattitude.be\/index.php\/wp-json\/wp\/v2\/comments?post=584"}],"version-history":[{"count":0,"href":"https:\/\/lucideattitude.be\/index.php\/wp-json\/wp\/v2\/pages\/584\/revisions"}],"wp:attachment":[{"href":"https:\/\/lucideattitude.be\/index.php\/wp-json\/wp\/v2\/media?parent=584"}],"curies":[{"name":"wp","href":"https:\/\/api.w.org\/{rel}","templated":true}]}}